{"id":3084,"date":"2025-03-05T00:55:41","date_gmt":"2025-03-04T23:55:41","guid":{"rendered":"https:\/\/www.soschatslibres.fr\/boutique\/?post_type=product&#038;p=3084"},"modified":"2026-04-01T14:41:43","modified_gmt":"2026-04-01T12:41:43","slug":"mots-danimaux-dhier-daujourdhui-dici-et-dailleurs-mots-01","status":"publish","type":"product","link":"https:\/\/www.soschatslibres.fr\/boutique\/produit\/mots-danimaux-dhier-daujourdhui-dici-et-dailleurs-mots-01\/","title":{"rendered":"Mots d&rsquo;Animaux d&rsquo;hier, d&rsquo;aujourd&rsquo;hui, d&rsquo;ici et d&rsquo;ailleurs &#8211; MA 01"},"content":{"rendered":"<p>&nbsp;<\/p>\n<p style=\"text-align: left;\">Quand, dans la m\u00eame journ\u00e9e, mon neveu m\u2019a demand\u00e9 qu\u2019\u00e9tait devenu le lapin qu\u2019on m\u2019avait pos\u00e9\u2026 et pourquoi le menuisier nous conseillait-il de remplacer nos chiens-assis, l\u2019obscurit\u00e9 de ces expressions m\u2019a saut\u00e9 aux yeux\u2026 si j\u2019ose dire ! L\u2019id\u00e9e m\u2019est ainsi venue de recenser les expressions utilisant les animaux (420 en tout, dont 74 en 15 langues \u00e9trang\u00e8res).<\/p>\n<p style=\"text-align: left;\">J\u2019en explique le sens r\u00e9el par des mots, tandis que Romain jette sur le sujet un regard \u00e9merveill\u00e9, en proposant des illustrations au premier degr\u00e9 : le lapin pos\u00e9 sur un tabouret, les oies qui d\u00e9filent au pas, les sardines serr\u00e9es dans le tramway\u2026<\/p>\n<p>Pour que les animaux y trouvent aussi leur compte, les profits li\u00e9s \u00e0 la vente de ces cartes postales sont int\u00e9gralement revers\u00e9s \u00e0 des associations oeuvrant pour l\u2019am\u00e9lioration de la condition animale, comme notre association.<\/p>\n<p>Sos Chats Libres remercie Magali et Romain pour leur geste g\u00e9n\u00e9reux et offre les frais d&rsquo;exp\u00e9dition aux acheteurs.<\/p>\n<ul>\n<li>Magali BRENAS et Romain PAULIN.<\/li>\n<li>https:\/\/motsdanimaux.org\/<\/li>\n<\/ul>\n<p style=\"text-align: center;\">-:oOo:-<\/p>\n<p>Des chapitres \u00ab\u00a0Nos chers poilus \u00e0 la maison\u00a0\u00bb \u00e0 \u00ab\u00a0En Europe et ailleurs\u00a0\u00bb, un grand merci \u00e0 Magali et \u00e0 Romain de nous avoir permis de d\u00e9couvrir en 130 pages, au format 24 x 16 cm, autant d&rsquo;expressions amusantes et instructives. Les <i>Mots d&rsquo;Animaux<\/i> est un livre tr\u00e8s original, ludique et instructif qui conviendra aussi bien aux adultes, qu&rsquo;aux plus jeunes. De tr\u00e8s jolis dessins l&rsquo;illustrent gaiement.<\/p>\n<p>C&rsquo;est un tr\u00e8s belle \u00e9dition \u00e0 offrir sans h\u00e9siter aux amis des animaux.<\/p>\n<p style=\"text-align: center;\">-:oOo:-<\/p>\n<p>Pour rappel, tous vos achats et vos dons participent au financement de nos actions en faveur des minous libres de notre association. Pensez \u00e0 eux, car ils ont besoin de nous, nous avons besoin de vous et c\u2019est surtout gr\u00e2ce \u00e0 vous si nous pouvons continuer \u2026<\/p>\n<p>De plus, il n\u2019est pas inutile de rappeler que l\u2019int\u00e9gralit\u00e9 des fonds issus des dons et des ventes de notre boutique est consacr\u00e9e exclusivement aux minous et rien qu\u2019aux minous\u00a0!<\/p>\n<p>Au-del\u00e0 de votre achat, vous pouvez \u00e9galement aider notre association en faisant un don (Cf rubrique : Je fais un don), car chaque geste aussi petit qu\u2019il soit permettra de contribuer au bien-\u00eatre des minous sans famille de notre association.<\/p>\n<p>De plus, 66 % de votre don sera d\u00e9ductible de vos imp\u00f4ts dans la limite de 20 % de votre revenu imposable.<\/p>\n","protected":false},"excerpt":{"rendered":"<p>&nbsp; Quand, dans la m\u00eame journ\u00e9e, mon neveu m\u2019a demand\u00e9 qu\u2019\u00e9tait devenu le lapin qu\u2019on m\u2019avait pos\u00e9\u2026 et pourquoi le menuisier nous conseillait-il de remplacer nos chiens-assis, l\u2019obscurit\u00e9 de ces expressions m\u2019a saut\u00e9 aux yeux\u2026 si j\u2019ose dire ! L\u2019id\u00e9e m\u2019est ainsi venue de recenser les expressions utilisant les animaux (420 en tout, dont 74 [&hellip;]<\/p>\n","protected":false},"featured_media":4071,"comment_status":"open","ping_status":"closed","template":"","meta":[],"product_brand":[],"product_cat":[59],"product_tag":[],"class_list":{"0":"post-3084","1":"product","2":"type-product","3":"status-publish","4":"has-post-thumbnail","6":"product_cat-mots-danimaux","8":"first","9":"instock","10":"shipping-taxable","11":"purchasable","12":"product-type-simple"},"_links":{"self":[{"href":"https:\/\/www.soschatslibres.fr\/boutique\/wp-json\/wp\/v2\/product\/3084","targetHints":{"allow":["GET"]}}],"collection":[{"href":"https:\/\/www.soschatslibres.fr\/boutique\/wp-json\/wp\/v2\/product"}],"about":[{"href":"https:\/\/www.soschatslibres.fr\/boutique\/wp-json\/wp\/v2\/types\/product"}],"replies":[{"embeddable":true,"href":"https:\/\/www.soschatslibres.fr\/boutique\/wp-json\/wp\/v2\/comments?post=3084"}],"wp:featuredmedia":[{"embeddable":true,"href":"https:\/\/www.soschatslibres.fr\/boutique\/wp-json\/wp\/v2\/media\/4071"}],"wp:attachment":[{"href":"https:\/\/www.soschatslibres.fr\/boutique\/wp-json\/wp\/v2\/media?parent=3084"}],"wp:term":[{"taxonomy":"product_brand","embeddable":true,"href":"https:\/\/www.soschatslibres.fr\/boutique\/wp-json\/wp\/v2\/product_brand?post=3084"},{"taxonomy":"product_cat","embeddable":true,"href":"https:\/\/www.soschatslibres.fr\/boutique\/wp-json\/wp\/v2\/product_cat?post=3084"},{"taxonomy":"product_tag","embeddable":true,"href":"https:\/\/www.soschatslibres.fr\/boutique\/wp-json\/wp\/v2\/product_tag?post=3084"}],"curies":[{"name":"wp","href":"https:\/\/api.w.org\/{rel}","templated":true}]}}