{"id":809,"date":"2024-07-07T01:00:30","date_gmt":"2024-07-06T23:00:30","guid":{"rendered":"https:\/\/www.soschatslibres.fr\/boutique\/produit\/porte-clefs-3\/"},"modified":"2024-07-07T12:41:32","modified_gmt":"2024-07-07T10:41:32","slug":"porte-clefs-3","status":"publish","type":"product","link":"https:\/\/www.soschatslibres.fr\/boutique\/produit\/porte-clefs-3\/","title":{"rendered":"Porte-Clefs &#8211; PC 03"},"content":{"rendered":"<p>Porte-cl\u00e9s transparent en forme de coeur de 46 mm x 52 mm en acrylique avec un anneau m\u00e9tallique assembl\u00e9 par Corine et Patrick, b\u00e9n\u00e9voles de Sos Chats Libres. Le porte-cl\u00e9s qui est illustr\u00e9 de 2 dessins diff\u00e9rents de minous, l&rsquo;un au recto et le second au verso est disponible en plusieurs couleurs.<\/p>\n<p style=\"text-align: center;\">-:oOo:-<\/p>\n<p>Pour rappel, tous vos achats et vos dons participent au financement de nos actions en faveur des minous libres de notre association. Pensez \u00e0 eux, car ils ont besoin de nous, nous avons besoin de vous et c\u2019est surtout gr\u00e2ce \u00e0 vous si nous pouvons continuer \u2026<\/p>\n<p>De plus, il n\u2019est pas inutile de rappeler que l\u2019int\u00e9gralit\u00e9 des fonds issus des dons et des ventes de notre boutique est consacr\u00e9e exclusivement aux minous et rien qu\u2019aux minous\u00a0!<\/p>\n<p>Au-del\u00e0 de votre achat, vous pouvez \u00e9galement aider notre association en faisant un don (Cf rubrique : Je fais un don), car chaque geste aussi petit qu\u2019il soit permettra de contribuer au bien-\u00eatre des minous sans famille de notre association.<\/p>\n<p>De plus, 66 % de votre don sera d\u00e9ductible de vos imp\u00f4ts dans la limite de 20 % de votre revenu imposable.<\/p>\n<p>&nbsp;<\/p>\n","protected":false},"excerpt":{"rendered":"<p>Porte-cl\u00e9s transparent en forme de coeur de 46 mm x 52 mm en acrylique avec un anneau m\u00e9tallique assembl\u00e9 par Corine et Patrick, b\u00e9n\u00e9voles de Sos Chats Libres. Le porte-cl\u00e9s qui est illustr\u00e9 de 2 dessins diff\u00e9rents de minous, l&rsquo;un au recto et le second au verso est disponible en plusieurs couleurs. -:oOo:- Pour rappel, [&hellip;]<\/p>\n","protected":false},"featured_media":1878,"comment_status":"open","ping_status":"closed","template":"","meta":[],"product_brand":[],"product_cat":[40],"product_tag":[44],"class_list":{"0":"post-809","1":"product","2":"type-product","3":"status-publish","4":"has-post-thumbnail","6":"product_cat-porte-clefs","7":"product_tag-porte-clefs","9":"first","10":"instock","11":"shipping-taxable","12":"purchasable","13":"product-type-simple"},"_links":{"self":[{"href":"https:\/\/www.soschatslibres.fr\/boutique\/wp-json\/wp\/v2\/product\/809","targetHints":{"allow":["GET"]}}],"collection":[{"href":"https:\/\/www.soschatslibres.fr\/boutique\/wp-json\/wp\/v2\/product"}],"about":[{"href":"https:\/\/www.soschatslibres.fr\/boutique\/wp-json\/wp\/v2\/types\/product"}],"replies":[{"embeddable":true,"href":"https:\/\/www.soschatslibres.fr\/boutique\/wp-json\/wp\/v2\/comments?post=809"}],"wp:featuredmedia":[{"embeddable":true,"href":"https:\/\/www.soschatslibres.fr\/boutique\/wp-json\/wp\/v2\/media\/1878"}],"wp:attachment":[{"href":"https:\/\/www.soschatslibres.fr\/boutique\/wp-json\/wp\/v2\/media?parent=809"}],"wp:term":[{"taxonomy":"product_brand","embeddable":true,"href":"https:\/\/www.soschatslibres.fr\/boutique\/wp-json\/wp\/v2\/product_brand?post=809"},{"taxonomy":"product_cat","embeddable":true,"href":"https:\/\/www.soschatslibres.fr\/boutique\/wp-json\/wp\/v2\/product_cat?post=809"},{"taxonomy":"product_tag","embeddable":true,"href":"https:\/\/www.soschatslibres.fr\/boutique\/wp-json\/wp\/v2\/product_tag?post=809"}],"curies":[{"name":"wp","href":"https:\/\/api.w.org\/{rel}","templated":true}]}}